ate the remainder when u(4) is divided by 19.
15
Let a = -14 - -18. Suppose -4*i + 18 = -2*q - 200, q + 221 = a*i. What is the remainder when i is divided by (57/9)/(-2 - (-14)/6)?
18
Suppose 5*a + 10 = 0, 51*k - 2*a + 1148 = 54*k. Calculate the remainder when k is divided by 65.
59
Calculate the remainder when 28 is divided by 427/61*(5 - 2).
7
Let y = 827 - 11. Suppose -6*i - y = -14*i. What is the remainder when i is divided by (78/15)/(2/10)?
24
Let i = 15 + -8. Let f = -3 + i. Suppose 0 = g + f, -q + 2*q - 3*g = 25. Calculate the remainder when 37 is divided by q.
11
Suppose 2*m = 7 + 51. Let n = 22 - 22. Calculate the remainder when m is divided by n + 1 - (2 + -7).
5
Suppose -13*o + 22*o = 1062. Let r = o - 96. What is the remainder when r is divided by 10?
2
Suppose 4*x - 22 = 22. Let i = x - 5. Suppose 3*y + 94 = 7*y + 2*j, -y - 5*j = -28. Calculate the remainder when y is divided by i.
5
Let t(v) = 2*v**2 - v - 23. Let s(l) = l**2 - l - 11. Let a(o) = 9*s(o) - 4*t(o). Suppose 1 - 17 = -2*h. What is the remainder when 32 is divided by a(h)?
15
Suppose l - 15 = -0*l - 3*o, 21 = 5*l - 3*o. Let f(x) = x + x**3 + x + 6 + 331*x**2 - 336*x**2. Calculate the remainder when f(l) is divided by 19.
16
Let q(x) = 16. Let s(o) = -o + 16. Let p(i) = 3*q(i) - 4*s(i). Let j be p(5). Let g = 12 + j. What is the remainder when 31 is divided by g?
15
Let d be 6/24 - (-1 - (-766)/(-8)). Let w = 113 - d. Let n = 115 + -53. Calculate the remainder when n is divided by w.
14
Let z(l) = 70*l**3 - 4*l**2 + 7*l - 4. Suppose -d - 52 = 2*v, -5*d = -d + 16. What is the remainder when z(1) is divided by (v/10)/(4/(-30))?
15
Let r be -5 + 1 - (-9 + 5). Let w(y) = -y**3 + 2*y**2 - y - 6. Let n be w(r). Let p(j) = -j + 13. Calculate the remainder when p(n) is divided by 10.
9
Suppose 2 = -4*q - 3*b + 7, -4*q = 4*b. Calculate the remainder when 11 is divided by q.
1
Let c be (-2)/(-12) - 101/(-6). Let s = c - 13. Suppose -2*y = -s*t + 32, 0 = -3*y + y - 8. Calculate the remainder when 23 is divided by t.
5
Let g = -430 - -307. Let m be g/15 - 2/(-10). Let n = m - -16. Calculate the remainder when 23 is divided by n.
7
Let u(z) = 2*z**3 + 19*z**2 + 9*z - 3. Let x be u(-9). What is the remainder when 47 is divided by (40/(-14))/(x - 38/(-14))?
7
What is the remainder when (-53 + 56)*(-394)/(-3) is divided by 110?
64
Let l(j) = 2*j**3 - 5*j**2 - 3*j + 10. Let z be l(4). Let o = 86 - z. Calculate the remainder when o is divided by 11.
7
Let b(t) = -29*t + 4. Suppose -3*d + 0*d = 2*i - 118, 5*d - 192 = -i. Calculate the remainder when b(-5) is divided by d.
35
Suppose 0 = 3*t + 6 - 15. Let c = 2 - 12. What is the remainder when 85/t - c/15 is divided by 15?
14
Let b = -223 - -251. Calculate the remainder when 278 is divided by b.
26
Let o be 4/8 + (-2)/(-4) - -35. Suppose -14*q - o = -18*q. Let s(k) = k + 41. What is the remainder when s(0) is divided by q?
5
Let x = 379 - 365. What is the remainder when 474 is divided by x?
12
Let q(j) = -j**2 - 13*j - 12. Let m be q(-11). Let k be (1 - -16)*(m - 6). Let o = k + -48. Calculate the remainder when 75 is divided by o.
15
Suppose 970 = 4*c - 2*b, -2*b - 1214 = -5*c + b. What is the remainder when c is divided by 35?
31
Suppose -90 = 28*d - 33*d. Let g(o) = 2*o**2 - 4*o - 1. Let h be g(3). Suppose 5*k - 50 = k + 5*t, k - 20 = h*t. Calculate the remainder when d is divided by k.
8
Let c(f) = 7*f**2 - 4*f - 6 + f**3 + 18 - 3*f**2. Let h be c(-5). Suppose h*w - 136 = 81. What is the remainder when 92 is divided by w?
30
Suppose 58*z - 2070 = 13*z. What is the remainder when 73 is divided by z?
27
Let v(j) = j**3 - 12*j**2 + 30*j + 11. Let z = 17 + 11. Calculate the remainder when v(10) is divided by z.
27
Let x(q) = 19*q**3 + 2*q - 1. Let p be x(1). Suppose 4*j + 4*n - p = 0, -n + 6*n = -2*j + 7. What is the remainder when (-35)/(-14)*88/10 is divided by j?
4
Let b = -457 - -484. What is the remainder when 112 is divided by b?
4
Suppose 73*w - 64*w = 423. What is the remainder when 91 is divided by w?
44
Calculate the remainder when -18 + 11 + 13 + 268 + -1 is divided by 55.
53
Let b(l) = 42*l - 656. Suppose -3*q - 2*y + 110 = 0, -2*q - 2*q - 4*y = -140. Suppose -4*m + 0*m = -q. What is the remainder when b(16) is divided by m?
6
Let h = 110 - 235. Let d = -119 - h. What is the remainder when d is divided by 4?
2
Suppose 0 = -11*q + 362 + 782. Calculate the remainder when q is divided by 12.
8
Let c(d) = 7*d - 24. Let a be c(8). Suppose -11*i - a = -12*i. Calculate the remainder when i is divided by 13.
6
Let i be (1/(-3))/((-1)/138). Let v(g) = -g**2 + i*g**3 + 0*g**2 + 0*g**2. What is the remainder when v(1) is divided by 24?
21
Suppose -r = 3*b - 5, -7*b + 10 = -3*b - 2*r. Suppose q + 4*d + 13 = 0, 6*d = b*q + 3*d - 29. Calculate the remainder when q is divided by 4.
3
Let j(o) = 12*o - 107. Let k = 171 + -145. Calculate the remainder when j(k) is divided by 16.
13
Let i(z) = -z**2 - 11*z + 4. Let h be i(-14). Let w = 54 + h. What is the remainder when 77 is divided by w?
13
Suppose 7*n = 3*n + 8. Suppose m = l + 5, 5*l + 2 = m - 3. Let b = m - n. What is the remainder when 10 is divided by b?
1
Let v = 183 + -158. What is the remainder when 149 is divided by v?
24
Let h be 12/(-20) - 39/(-15). Suppose -3*g = -5*p - 86, -3*g + 2*p + 37 = -37. What is the remainder when g is divided by 220/28 - h/(-14)?
6
Let n = 280 - 43. Let b = n + -159. What is the remainder when b is divided by 16?
14
Suppose -l + 454 = 2*l + 2*k, l - 3*k = 133. Let m = -101 + l. Let o(s) = 2*s**2 - 8*s + 6. Calculate the remainder when m is divided by o(5).
15
Let j be (5/(5/3))/(1/45). Let g = -78 + j. Calculate the remainder when g is divided by 10.
7
Let r = 12 - -33. Suppose 0*q + r = q. Suppose 3*a + x = q, -4*x = 2*a - x - 30. What is the remainder when 28 is divided by a?
13
Let s(r) = -r - 1. Let g(k) = -4*k + 11. Let v(a) = g(a) - 2*s(a). What is the remainder when 37 is divided by v(0)?
11
Let v be ((-3)/(-2))/(-3)*128. Let o be (20/16 - 0)/((-5)/20). What is the remainder when 22 is divided by (-14)/(-70) + v/o?
9
Let z(t) = -2*t**2 - 13*t - 5. Let b be z(-3). Let r = b - -16. What is the remainder when r is divided by 3?
2
Calculate the remainder when 193 is divided by (7 + (-133)/21)*117/2.
37
Suppose 6*f + 3864 = 34*f. What is the remainder when f is divided by 31?
14
Suppose -3 = -2*o + 7. Suppose -25 = -o*h, 0 = 2*r + 4*h - h - 235. What is the remainder when r is divided by 8?
6
Let p be ((-3)/6)/(5/(-20)). Suppose -13 = -o + 2*b, b + 28 = p*o - 4. What is the remainder when o is divided by 3?
2
Let f(d) = -3*d**3 - d**2 + 2*d - 2. Let o be f(1). Calculate the remainder when 9 + (-3 - o) + -1 + 0 is divided by 7.
2
Let n(d) = d**3 + 6*d**2 - 7*d - 8. Let t be n(-7). Let m = t - -10. What is the remainder when 22 is divided by 1*(m - -4*1)?
4
Suppose 0 = 5*z - 2*z. Suppose 2*o - 4*o + 14 = z. Let x(h) = -h**3 + 6*h**2 + 8*h - 2. What is the remainder when 6 is divided by x(o)?
1
Let q = 40 - 21. Let r(o) = 20*o - 16. Let h be r(5). Let m = h + q. What is the remainder when m is divided by 26?
25
What is the remainder when 12/(-8)*620/(-15) is divided by 9?
8
Let m = 13 + -15. Let t = 48 - 37. Calculate the remainder when t is divided by 12*1*(-1)/m.
5
Suppose 60 = 3*d + d. Suppose -h = -17 - 7. Calculate the remainder when (-173)/(-6) + 4/h is divided by d.
14
Suppose 5*o + 8 = 4*o + a, 2*a + 8 = -2*o. Let y(v) = v**2 + 5*v + 13. Let n(q) = -q**3 - 3*q**2 + q - 1. Calculate the remainder when y(o) is divided by n(-4).
8
Suppose -v - 4*s = 2*v - 399, -133 = -v + 2*s. Let b = -69 - -61. Calculate the remainder when v is divided by -4 - 316/b - 9/6.
31
Let w = -1040 + 1075. What is the remainder when 627 is divided by w?
32
Suppose q = -4*j - 2*q + 248, 5*q = -j + 79. Suppose 25 = t - 0. What is the remainder when j is divided by t?
9
Let b = -8 - -10. Suppose b*g - 8 = -0*g. Suppose -g*j + 109 = i + 27, -5*j + 109 = -2*i. Calculate the remainder when 39 is divided by j.
18
Let i(r) = 2*r**3 - 7*r**2 + 5*r - 4. Let p = -30 - -18. Let s(n) = -n - 8. Let q be s(p). Calculate the remainder when i(q) is divided by 11.
10
Let z be (2/(-8))/((-1)/2)*2. What is the remainder when 192 is divided by ((-34)/102)/(z/(-3*39))?
36
Suppose 2*p = 3*v 